nd l.
12
Let v(s) = s**3 + 9*s**2 + 9*s + 12. Let l be v(-8). Suppose l*n = -n - 25, 10 = -p - 4*n. Calculate the greatest common divisor of p and 25.
5
Let a be ((-2)/(-3))/(1/(-3)). Let v be 1/a*(-8 - 2). Suppose 3*l = u + 14, v*l - u = 10 + 16. Calculate the highest common factor of l and 54.
6
Suppose -3*q = 4 - 22. Let n be (q/(-9))/(2/(-51)). Calculate the highest common divisor of n and 187.
17
Let a be (-25)/(-9) + 6/27. Suppose 5*s - 4*j - 26 + 1 = 0, 0 = s - a*j + 6. What is the greatest common factor of 99 and s?
9
Let s = 7 + -5. Let d = 7 - s. Suppose -d*i = -174 - 141. Calculate the highest common factor of i and 7.
7
Let z = -8 + 13. Suppose 5 = -j, 10 = -2*l + 5*l + 4*j. Calculate the highest common divisor of z and l.
5
Let o(h) = -45*h**3 - h**2 - h - 1. Let t be o(-1). What is the highest common factor of 11 and t?
11
Let u = 1 + -1. Let l(x) = -x**2 + 12*x + 16. Let s be l(13). Suppose u = s*p + p - 52. What is the greatest common divisor of p and 13?
13
Let j be (-4)/(-22) + 100/55 + 33. What is the highest common factor of j and 5?
5
Suppose -5*d + 3*a = -34 + 4, -5*a = 0. Let g(t) = t**2 - 4*t + 1. Let s be g(d). Calculate the highest common divisor of s and 39.
13
Let b = 0 + 130. Calculate the highest common divisor of b and 10.
10
Suppose 4*f + 7 = -o, -f + 0*o - 4 = -2*o. Let n be 8*1/f*-1. Calculate the greatest common divisor of 16 and n.
4
Let q = -1 - -2. Let f be (-6)/3*q - -7. Let m be (-1)/(3 - 2 - 2). What is the greatest common factor of f and m?
1
Suppose 0*u = 5*u - 3*j - 360, 25 = 5*j. What is the highest common divisor of u and 60?
15
Suppose 0 + 104 = 4*d. Let s = d - -7. Calculate the highest common factor of s and 165.
33
Let z = 8 - -1. Let o = 5 + -5. Suppose 5*p - 107 + 17 = o. What is the greatest common factor of z and p?
9
Let h(i) = -9*i. Let j be -1 - (0 + (4 - 0)). Let o be h(j). Calculate the greatest common divisor of 5 and o.
5
Let d(g) = -g**2 - g + 13. Let a be d(0). Let r be (-2)/(-6)*3 + a. Let k = r + -8. What is the greatest common divisor of k and 6?
6
Suppose 3*o + 364 = 7*o. Let c be (-12)/24 - o/(-2). Calculate the highest common divisor of 5 and c.
5
Let l = -27 + 52. Suppose 2*v = 2*z + 81 + l, -v + 65 = -5*z. Suppose 3*u + 7 = 37. What is the highest common factor of v and u?
10
Suppose n = -0*n + 2. Suppose 0 = 5*k - q - 640, 3*k + 5*q - n*q = 384. Calculate the greatest common divisor of k and 16.
16
Let i = 25 + 47. Calculate the highest common divisor of i and 18.
18
Let x(d) = -27*d**3 + 2*d**2. Let y be x(-2). Let p = -140 - -265. Let w = y - p. What is the greatest common factor of w and 11?
11
Let k(j) = j**3 + 2*j + 8. Let b be k(0). Calculate the highest common divisor of 64 and b.
8
Let k = -82 + 110. Calculate the greatest common factor of k and 21.
7
Suppose l + 10 = -4*g, g = 2*l - 3*l - 4. Let w be -5 + 3 - (-6 - g). Suppose v - 25 = -2*d, d - 15 = -5*v + w*v. What is the highest common factor of d and 36?
12
Let f(o) = o - 3. Let j be f(5). Let x be (-192)/(12/(-4)) + j. Calculate the greatest common divisor of 44 and x.
22
Let g(i) = i - 3. Let m be g(9). Let f = -1 - -5. Suppose 3 = -q + f, -46 = -j + 2*q. Calculate the highest common factor of j and m.
6
Suppose 2*x - 2 - 10 = 0. Let l be x/(-27) + 542/9. What is the greatest common factor of l and 12?
12
Let s be (3*4)/(6/(-9)). Let k be 2 - (s - (-6 - -3)). Calculate the highest common factor of 51 and k.
17
Let r(t) = 190*t**3 - t**2 + t. Let k be r(1). Calculate the highest common divisor of 76 and k.
38
Let w be 3 + 3/(12/244). Calculate the greatest common divisor of 8 and w.
8
Let h = 30 - 13. What is the highest common divisor of 153 and h?
17
Let k = 31 - -4. Suppose 8*z = 3*z + k. Calculate the highest common factor of 77 and z.
7
Let t be (0 + 2)*56/16. What is the greatest common factor of t and 14?
7
Let m(d) = -22*d + 7. Let u be m(-1). What is the greatest common divisor of u and 116?
29
Suppose 4*a = 61 + 163. What is the greatest common divisor of 7 and a?
7
Suppose -3*i + 15 = 3*k, -k + 0*k = -4*i + 5. Suppose -2*t - 24 = -f - t, 4 = f + k*t. What is the highest common factor of f and 19?
19
Let t(c) = -12*c - 2. Let l be t(-3). Let b(g) = -g**3 + 19*g**2 - 13*g - 5. Let p be b(18). What is the greatest common factor of p and l?
17
Suppose -8*u + 3 = -5. Calculate the greatest common divisor of u and 5.
1
Let q = 6 + 25. What is the highest common factor of 217 and q?
31
Let l = 16 - 15. What is the highest common divisor of 1 and l?
1
Let p = 114 - 70. Let r be (-2)/3 - p/(-3). Let a = 29 - r. What is the greatest common divisor of 75 and a?
15
Suppose 18 = 4*d + 2*v - 4, 4*d = 4*v + 28. Let k be -1*d*2/(-4). Suppose o - 10 = -4*h, -k = -h + 4*o - 9. Calculate the highest common divisor of 1 and h.
1
Suppose 0 = 2*y - 4*y + 30. Suppose -o + 405 = 2*o. What is the greatest common divisor of y and o?
15
Suppose 0 = 5*o - 20, 0*o - 5*o = -5*q + 3920. Let l be q/52 + (-4)/26. Calculate the highest common divisor of 15 and l.
15
Suppose -2*q + q = 0. Suppose q = 2*s + 6, -s - 96 = -5*l + s. Calculate the highest common divisor of 18 and l.
18
Suppose -4*s - 16 = -2*v + v, 4*s = 4. Suppose 42 = -5*n - 23. Let m = -3 - n. What is the greatest common divisor of m and v?
10
Let i = -22 - -67. Suppose -k = 5*x - 43, 3*x = 4*x - 5. Calculate the highest common divisor of i and k.
9
Suppose 6*z - 18 = 18. Let b(q) = -q**2 + 8*q - 8. Let o be b(z). What is the greatest common factor of o and 6?
2
Let i be (-3)/9 + (-5)/3. Let q be (-4)/2 + (i - -19). Let p(j) = -j**3 - 8*j**2 - 8*j + 3. Let c be p(-7). Calculate the highest common divisor of c and q.
5
Let t = 4 - 3. Calculate the highest common divisor of t and 5.
1
Let m(v) = -v**3 - v**2 - v - 111. Let f be m(0). Let y(k) = -19*k**2 - k + 1. Let g be y(-3). Let x = f - g. What is the highest common factor of x and 8?
8
Suppose -160*u - 64 = -162*u. What is the greatest common divisor of 2 and u?
2
Suppose 5*h + d = -357, 3*h = 2*d - 70 - 139. Let f = 28 - h. Calculate the highest common factor of 11 and f.
11
Let n = 3 - -16. Suppose 0*i + 2*i = 6. Suppose 4*u - i*c = 547, u - 128 = -3*c + 2*c. What is the greatest common factor of n and u?
19
Let c be (1 - 2)/(-2) - (-316)/8. What is the highest common divisor of 10 and c?
10
Let r(i) = -2*i. Let a be r(-1). Suppose l - a*n - 10 = -4, 0 = -3*l - 3*n + 18. Suppose 173 = 5*y + 23. Calculate the highest common divisor of y and l.
6
Suppose -3*a + 131 = -a - q, -a + 60 = 5*q. Let w = 25 - 12. Calculate the greatest common factor of a and w.
13
Suppose z + 2*z = 24. Suppose -4*d + 3*q = 9, -d = 7*q - 2*q - 15. Suppose d = -7*b + 2*b + 440. Calculate the greatest common factor of b and z.
8
Suppose -22 = -3*j - 2*d, 2*j = -2*j + 2*d + 20. Calculate the highest common divisor of j and 4.
2
Let q = 201 - 173. What is the greatest common factor of 308 and q?
28
Let n(p) be the second derivative of 5*p**3/2 + 11*p. Suppose 10 = 2*x + 3*x. Let d be n(x). Calculate the highest common factor of 75 and d.
15
Let j be -1*150*6/(-5). Suppose 4*h + 2*a = 72, h + 11 = -a + 27. Calculate the highest common factor of h and j.
20
Let g be 152/57 + (-49)/(-3). Let d = 13 + -18. Let x(o) = -2*o**3 - 6*o**2 + o. Let q be x(d). Calculate the highest common factor of g and q.
19
Let x(w) = 0*w - w + 1 + 8*w**2 - 2 + w**3. Let t = 33 - 39. Let v be x(t). What is the greatest common factor of v and 7?
7
Let c be (1*-3)/((-15)/20). Suppose 0 = -n - 5*y + 3*y - 3, 5*n + c*y = 3. Calculate the highest common divisor of 21 and n.
3
Let t be 104/18 - (-6)/27. Suppose o + t + 7 = 2*j, 0 = 3*j + 5*o. Calculate the greatest common factor of 45 and j.
5
Let z(k) = k**2 - 2*k - 16. Let a be z(-5). Calculate the greatest common factor of a and 19.
19
Suppose -6 = -3*z + 6. Suppose 5*m - 2*x - 404 = -83, z*m - 5*x = 250. What is the greatest common divisor of 13 and m?
13
Let b be (-1 - -2 - 3) + 47. Let i = -5 + b. Suppose 0*n = -2*n + 8. What is the highest common divisor of n and i?
4
Let v(b) = -b**3 + 10*b**2 + b + 1. Let k be v(10). Let d(s) = 4*s**2 + 4*s - 4. Let l be d(-4). Calculate the greatest common factor of l and k.
11
Suppose 4*m = -4*p + 176, 3*m + 74 = 5*m - 5*p. Let l(x) = 105*x**2. Let t be l(1). What is the grea